{"id":1759,"date":"2019-04-25T12:00:36","date_gmt":"2019-04-25T11:00:36","guid":{"rendered":"http:\/\/www.grahovo.org\/\/wp-content\/uploads\/2019\/04\/Izve\u0161taj-o-radu-Udru\u017eenja-za-2017.-i-2018.-godinu.pdf"},"modified":"2019-04-25T12:00:36","modified_gmt":"2019-04-25T11:00:36","slug":"izvestaj-o-radu-udruzenja-za-2017-i-2018-godinu","status":"inherit","type":"attachment","link":"https:\/\/www.grahovo.org\/sr\/dokumentacija\/izvestaj-o-radu-udruzenja-za-2017-i-2018-godinu\/","title":{"rendered":"Izve\u0161taj o radu Udru\u017eenja za 2017. i 2018. godinu"},"author":3,"comment_status":"open","ping_status":"closed","template":"","meta":{"ngg_post_thumbnail":0},"aioseo_notices":[],"description":{"rendered":"<p class=\"attachment\"><a href='https:\/\/www.grahovo.org\/\/wp-content\/uploads\/2019\/04\/Izve\u0161taj-o-radu-Udru\u017eenja-za-2017.-i-2018.-godinu.pdf'><img loading=\"lazy\" decoding=\"async\" width=\"232\" height=\"300\" src=\"https:\/\/www.grahovo.org\/\/wp-content\/uploads\/2019\/04\/Izve\u0161taj-o-radu-Udru\u017eenja-za-2017.-i-2018.-godinu-pdf-232x300.jpg\" class=\"attachment-medium size-medium\" alt=\"\" \/><\/a><\/p>\n"},"caption":{"rendered":"<p><span class=\"more-link\"><a href=\"https:\/\/www.grahovo.org\/sr\/dokumentacija\/izvestaj-o-radu-udruzenja-za-2017-i-2018-godinu\/\">Saznaj vi\u0161e<\/a><\/span><\/p>\n"},"alt_text":"","media_type":"file","mime_type":"application\/pdf","media_details":{"sizes":{"thumbnail":{"file":"Izve\u0161taj-o-radu-Udru\u017eenja-za-2017.-i-2018.-godinu-pdf-116x150.jpg","width":116,"height":150,"mime_type":"image\/jpeg","source_url":"https:\/\/www.grahovo.org\/\/wp-content\/uploads\/2019\/04\/Izve\u0161taj-o-radu-Udru\u017eenja-za-2017.-i-2018.-godinu-pdf-116x150.jpg"},"medium":{"file":"Izve\u0161taj-o-radu-Udru\u017eenja-za-2017.-i-2018.-godinu-pdf-232x300.jpg","width":232,"height":300,"mime_type":"image\/jpeg","source_url":"https:\/\/www.grahovo.org\/\/wp-content\/uploads\/2019\/04\/Izve\u0161taj-o-radu-Udru\u017eenja-za-2017.-i-2018.-godinu-pdf-232x300.jpg"},"large":{"file":"Izve\u0161taj-o-radu-Udru\u017eenja-za-2017.-i-2018.-godinu-pdf-791x1024.jpg","width":791,"height":1024,"mime_type":"image\/jpeg","source_url":"https:\/\/www.grahovo.org\/\/wp-content\/uploads\/2019\/04\/Izve\u0161taj-o-radu-Udru\u017eenja-za-2017.-i-2018.-godinu-pdf-791x1024.jpg"},"full":{"file":"Izve\u0161taj-o-radu-Udru\u017eenja-za-2017.-i-2018.-godinu-pdf.jpg","width":1088,"height":1408,"mime_type":"application\/pdf","source_url":"https:\/\/www.grahovo.org\/\/wp-content\/uploads\/2019\/04\/Izve\u0161taj-o-radu-Udru\u017eenja-za-2017.-i-2018.-godinu-pdf.jpg"}}},"post":66,"source_url":"https:\/\/www.grahovo.org\/\/wp-content\/uploads\/2019\/04\/Izve\u0161taj-o-radu-Udru\u017eenja-za-2017.-i-2018.-godinu.pdf","_links":{"self":[{"href":"https:\/\/www.grahovo.org\/sr\/wp-json\/wp\/v2\/media\/1759"}],"collection":[{"href":"https:\/\/www.grahovo.org\/sr\/wp-json\/wp\/v2\/media"}],"about":[{"href":"https:\/\/www.grahovo.org\/sr\/wp-json\/wp\/v2\/types\/attachment"}],"author":[{"embeddable":true,"href":"https:\/\/www.grahovo.org\/sr\/wp-json\/wp\/v2\/users\/3"}],"replies":[{"embeddable":true,"href":"https:\/\/www.grahovo.org\/sr\/wp-json\/wp\/v2\/comments?post=1759"}]}}

http://www.grahovo.org//wp-content/uploads/2019/04/Izveštaj-o-radu-Udruženja-za-2017.-i-2018.-godinu.pdf

Izveštaj o radu Udruženja za 2017. i 2018. godinu

<p class="attachment"><a href='https://www.grahovo.org//wp-content/uploads/2019/04/Izveštaj-o-radu-Udruženja-za-2017.-i-2018.-godinu.pdf'><img loading="lazy" decoding="async" width="232" height="300" src="https://www.grahovo.org//wp-content/uploads/2019/04/Izveštaj-o-radu-Udruženja-za-2017.-i-2018.-godinu-pdf-232x300.jpg" class="attachment-medium size-medium" alt="" /></a></p>

<p><span class="more-link"><a href="https://www.grahovo.org/sr/dokumentacija/izvestaj-o-radu-udruzenja-za-2017-i-2018-godinu/">Saznaj više</a></span></p>

Izveštaj-o-radu-Udruženja-za-2017.-i-2018.-godinu-pdf-116x150.jpg

https://www.grahovo.org//wp-content/uploads/2019/04/Izveštaj-o-radu-Udruženja-za-2017.-i-2018.-godinu-pdf-116x150.jpg

Izveštaj-o-radu-Udruženja-za-2017.-i-2018.-godinu-pdf-232x300.jpg

https://www.grahovo.org//wp-content/uploads/2019/04/Izveštaj-o-radu-Udruženja-za-2017.-i-2018.-godinu-pdf-232x300.jpg

Izveštaj-o-radu-Udruženja-za-2017.-i-2018.-godinu-pdf-791x1024.jpg

https://www.grahovo.org//wp-content/uploads/2019/04/Izveštaj-o-radu-Udruženja-za-2017.-i-2018.-godinu-pdf-791x1024.jpg

Izveštaj-o-radu-Udruženja-za-2017.-i-2018.-godinu-pdf.jpg

https://www.grahovo.org//wp-content/uploads/2019/04/Izveštaj-o-radu-Udruženja-za-2017.-i-2018.-godinu-pdf.jpg

https://www.grahovo.org//wp-content/uploads/2019/04/Izveštaj-o-radu-Udruženja-za-2017.-i-2018.-godinu.pdf
